17, 157, 631
List the prime factors of 5715701.
5715701
List the prime factors of 71698.
2, 11, 3259
List the prime factors of 32181183.
3, 3575687
List the prime factors of 3206809.
3206809
What are the prime factors of 279607?
279607
List the prime factors of 6697459.
6697459
What are the prime factors of 156133?
43, 3631
What are the prime factors of 162524?
2, 41, 991
List the prime factors of 1933920.
2, 3, 5, 17, 79
List the prime factors of 12113.
12113
What are the prime factors of 959525?
5, 7, 5483
What are the prime factors of 255811?
491, 521
What are the prime factors of 670338?
2, 3, 167, 223
List the prime factors of 9299626.
2, 7, 19, 34961
List the prime factors of 8344974.
2, 3, 11, 227, 557
List the prime factors of 1690893.
3, 187877
List the prime factors of 1383381.
3, 23, 41, 163
List the prime factors of 7589294.
2, 3794647
List the prime factors of 4366343.
23, 229, 829
List the prime factors of 8574858.
2, 3, 476381
List the prime factors of 2081970.
2, 3, 5, 11, 701
List the prime factors of 1209062.
2, 31, 19501
List the prime factors of 213149.
213149
What are the prime factors of 4364309?
193, 22613
List the prime factors of 311611.
317, 983
What are the prime factors of 581156?
2, 145289
List the prime factors of 4885961.
37, 43, 83
List the prime factors of 206033.
206033
What are the prime factors of 3759834?
2, 3, 13, 19, 43, 59
List the prime factors of 577536.
2, 3, 47
List the prime factors of 105027.
3, 13, 2693
List the prime factors of 334210.
2, 5, 19, 1759
What are the prime factors of 361651?
361651
What are the prime factors of 374469?
3, 124823
List the prime factors of 8055077.
79, 101963
What are the prime factors of 512117?
37, 13841
What are the prime factors of 2136728?
2, 11, 24281
List the prime factors of 3438331.
13, 264487
List the prime factors of 7561199.
29, 127, 2053
What are the prime factors of 392904?
2, 3, 17, 107
What are the prime factors of 3388255?
5, 13, 52127
What are the prime factors of 3168232?
2, 396029
List the prime factors of 2069775.
3, 5, 9199
What are the prime factors of 453641?
453641
List the prime factors of 1525034.
2, 7, 97, 1123
What are the prime factors of 716873?
17, 42169
What are the prime factors of 1356292?
2, 7, 59, 821
List the prime factors of 893218.
2, 446609
What are the prime factors of 489885?
3, 5, 11, 2969
What are the prime factors of 2313592?
2, 19, 31, 491
List the prime factors of 1784413.
313, 5701
List the prime factors of 5586048.
2, 3, 13, 373
What are the prime factors of 8918?
2, 7, 13
List the prime factors of 248197.
19, 13063
List the prime factors of 1463138.
2, 31, 23599
What are the prime factors of 7197903?
3, 19, 1559
What are the prime factors of 10309314?
2, 3, 1718219
List the prime factors of 6017604.
2, 3, 19, 26393
List the prime factors of 5640549.
3, 17, 19, 5821
List the prime factors of 601496.
2, 7, 23, 467
What are the prime factors of 1579495?
5, 315899
What are the prime factors of 29957883?
3, 9985961
List the prime factors of 4136086.
2, 2068043
What are the prime factors of 323919?
3, 31, 43
What are the prime factors of 6695631?
3, 37, 20107
List the prime factors of 7700601.
3, 2566867
List the prime factors of 157755.
3, 5, 13, 809
List the prime factors of 215059.
13, 71, 233
What are the prime factors of 1496099?
11, 43, 3163
What are the prime factors of 162518?
2, 23, 3533
What are the prime factors of 271114?
2, 283, 479
List the prime factors of 1934675.
5, 19, 4073
List the prime factors of 835793.
7, 37, 461
What are the prime factors of 26800695?
3, 5, 595571
List the prime factors of 1853506.
2, 29, 31957
What are the prime factors of 249176?
2, 31147
List the prime factors of 305554.
2, 152777
What are the prime factors of 4569341?
7, 23, 101, 281
What are the prime factors of 614589?
3, 349, 587
What are the prime factors of 1079738?
2, 11, 17, 2887
List the prime factors of 12230843.
887, 13789
What are the prime factors of 20354098?
2, 3019, 3371
What are the prime factors of 10853468?
2, 239, 11353
List the prime factors of 3770516.
2, 163, 5783
List the prime factors of 63663.
3, 21221
List the prime factors of 1236898.
2, 13, 113, 421
List the prime factors of 802386.
2, 3, 13, 127
What are the prime factors of 28138274?
2, 1459, 9643
What are the prime factors of 6857456?
2, 29, 14779
What are the prime factors of 395910?
2, 3, 5, 53, 83
List the prime factors of 460109.
13, 35393
What are the prime factors of 11526612?
2, 3, 17, 56503
What are the prime factors of 1059461?
13, 6269
What are the prime factors of 266633?
266633
List the prime factors of 141354.
2, 3, 7853
What are the prime factors of 221486?
2, 59, 1877
What are the prime factors of 188164?
2, 47041
What are the prime factors of 424725?
3, 5, 7, 809
What are the prime factors of 348309?
3, 13, 229
What are the prime factors of 5450720?
2, 5, 11, 19, 163
What are the prime factors of 262519?
262519
List the prime factors of 1693621.
1693621
List the prime factors of 40981089.
3, 29, 37, 439
What are the prime factors of 115122?
2, 3, 7, 2741
List the prime factors of 1435051.
19, 47, 1607
List the prime factors of 16770213.
3, 37, 16787
List the prime factors of 19696.
2, 1231
List the prime factors of 57690.
2, 3, 5, 641
What are the prime factors of 1339691?
1339691
List the prime factors of 9486619.
1399, 6781
What are the prime factors of 380202?
2, 3, 63367
What are the prime factors of 20057183?
29, 467, 1481
List the prime factors of 17081822.
2, 1723, 4957
List the prime factors of 16561835.
5, 3312367
List the prime factors of 83368.
2, 17, 613
List the prime factors of 4079386.
2, 73, 27941
List the prime factors of 6587392.
2, 7, 919
What are the prime factors of 7933135?
5, 7, 17, 67, 199
List the prime factors of 2312748.
2, 3, 17, 3779
What are the prime factors of 147069?
3, 13, 419
List the prime factors of 853347.
3, 11, 19, 1361
What are the prime factors of 321959?
11, 29269
What are the prime factors of 237861?
3, 13, 19, 107
What are the prime factors of 8140109?
8140109
What are the prime factors of 18277451?
43, 425057
What are the prime factors of 11601549?
3, 47743
What are the prime factors of 2923184?
2, 11, 17, 977
List the prime factors of 3525435.
3, 5, 157, 499
List the prime factors of 263210.
2, 5, 26321
List the prime factors of 1012003.
41, 24683
List the prime factors of 3674696.
2, 459337
List the prime factors of 674649.
3, 8329
List the prime factors of 29566219.
31, 37, 149, 173
List the prime factors of 10184593.
43, 433, 547
List the prime factors of 8407482.
2, 3, 1401247
List the prime factors of 6972007.
7, 996001
What are the prime factors of 3035306?
2, 1517653
List the prime factors of 2529081.
3, 97, 2897
What are the prime factors of 12893688?
2, 3, 59693
List the prime factors of 7912657.
31, 255247
What are the prime factors of 546910?
2, 5, 7, 13, 601
What are the prime factors of 1078167?
3, 359389
List the prime factors of 34157.
34157
What are the prime factors of 250111?
67, 3733
What are the prime factors of 6310090?
2, 5, 19, 33211
List the prime factors of 2370466.
2, 7, 169319
List the prime factors of 1909929.
3, 7, 103, 883
What are the prime factors of 2835824?
2, 177239
List the prime factors of 2987083.
11, 271553
What are the prime factors of 8854143?
3, 107, 27583
What are the prime factors of 1942244?
2, 113, 4297
What are the prime factors of 13858962?
2, 3, 13, 177679
List the prime factors of 208509.
3, 7, 9929
What are the prime factors of 1240262?
2, 727, 853
What are the prime factors of 4370617?
149, 29333
What are the prime factors of 15458084?
2, 3864521
What are the prime factors of 3866759?
13, 37, 8039
What are the prime factors of 190898?
2, 31, 3079
What are the prime factors of 2652417?
3, 191, 1543
What are the prime factors of 9989498?
2, 23, 217163
List the prime factors of 173602.
2, 11, 13, 607
List the prime factors of 4760824.
2, 397, 1499
List the prime factors of 7415269.
23, 322403
List the prime factors of 107892.
2, 3, 37
List the prime factors of 403251.
3, 134417
List the prime factors of 6341983.
1091, 5813
List the prime factors of 56896.
2, 7, 127
What are the prime factors of 279936?
2, 3
What are the prime factors o